{"id":3198,"date":"2021-10-29T14:13:05","date_gmt":"2021-10-29T12:13:05","guid":{"rendered":"http:\/\/ueff.se\/?page_id=3198"},"modified":"2021-10-29T14:32:26","modified_gmt":"2021-10-29T12:32:26","slug":"rodspoven","status":"publish","type":"page","link":"https:\/\/ueff.se\/en\/rodspoven\/","title":{"rendered":"R\u00f6dspoven"},"content":{"rendered":"<p>Starting this year, Ume\u00e5 European Film Festival introduces the new prize R\u00f6dspoven awarded to a documentary film focusing on a current and important topic. In 2021, films focusing on our climate will compete to be the first one to be awarded this prize. With the award, we want to draw attention to the documentary genre and also to current issues that we face in our time.<\/p>\n<p>R\u00f6dspoven or the black-tailed godwit (Limosa limosa) in English is a breeding bird that you sometimes can see in the county V\u00e4sterbotten in the north of Sweden, where the Ume\u00e5 European Filmfestival is located. The name of the prize is also in dialogue with the festival&#8217;s other prize Storspoven or Eurasian curlew (Numenius arquata) which is awarded to a film with a strong connection to northern Sweden.<\/p>\n<p>The prize is a collaboration with Ume\u00e5 Energi and the winner will be announced on Sunday the 28th of November at the screening venue Bildmuseet.<\/p>\n<p><strong>Nominated films 2021:<\/strong><br \/>\n<a href=\"http:\/\/ueff.se\/visning\/forst-har-taming-the-garden\/\">Taming the Garden<\/a><br \/>\n<a href=\"http:\/\/ueff.se\/visning\/forst-har-aasivissuit\/\">Aasivissuit<\/a><br \/>\n<a href=\"http:\/\/ueff.se\/visning\/forst-har-observations-at-65-south\/\">Observations at 65\u00b0 South<\/a><\/p>\n<p>&nbsp;<\/p>\n<p><strong>Jury 2021:<br \/>\nGunilla Samberg<\/strong> &#8211;\u00a0Artist based in Ume\u00e5 with a focus on question around the climate, feminism and democratic.<br \/>\n<strong>Jenny Kejerhag<\/strong><span style=\"font-weight: 400;\"><strong>\u00a0<\/strong>&#8211; Journalist that writes about our environment, climate and sustainability.<br \/>\n<\/span><strong>Lars \u00d6stlund<\/strong><span style=\"font-weight: 400;\"><strong>\u00a0<\/strong>&#8211; Professor in forest ecology at\u00a0the State Agricultural University.<\/span><\/p>\n<p><span style=\"font-weight: 400;\">\u00a0<\/span><\/p>\n<p>&nbsp;<\/p>","protected":false},"excerpt":{"rendered":"<p>Starting this year, Ume\u00e5 European Film Festival introduces the new prize R\u00f6dspoven awarded to a documentary film focusing on a current and important topic. In 2021, films focusing on our climate will compete to be the first one to be awarded this prize. With the award, we want to draw attention to the documentary genre [&hellip;]<\/p>\n","protected":false},"author":9,"featured_media":0,"parent":0,"menu_order":0,"comment_status":"closed","ping_status":"closed","template":"","meta":{"_acf_changed":false,"_exactmetrics_skip_tracking":false,"_exactmetrics_sitenote_active":false,"_exactmetrics_sitenote_note":"","_exactmetrics_sitenote_category":0,"footnotes":"","_links_to":"","_links_to_target":""},"class_list":["post-3198","page","type-page","status-publish","hentry"],"acf":[],"yoast_head":"<!-- This site is optimized with the Yoast SEO plugin v25.6 - https:\/\/yoast.com\/wordpress\/plugins\/seo\/ -->\n<title>R\u00f6dspoven - Ume\u00e5 Film Festival<\/title>\n<meta name=\"robots\" content=\"index, follow, max-snippet:-1, max-image-preview:large, max-video-preview:-1\" \/>\n<link rel=\"canonical\" href=\"https:\/\/ueff.se\/en\/rodspoven\/\" \/>\n<meta property=\"og:locale\" content=\"en_US\" \/>\n<meta property=\"og:type\" content=\"article\" \/>\n<meta property=\"og:title\" content=\"R\u00f6dspoven - Ume\u00e5 Film Festival\" \/>\n<meta property=\"og:description\" content=\"Starting this year, Ume\u00e5 European Film Festival introduces the new prize R\u00f6dspoven awarded to a documentary film focusing on a current and important topic. In 2021, films focusing on our climate will compete to be the first one to be awarded this prize. With the award, we want to draw attention to the documentary genre [&hellip;]\" \/>\n<meta property=\"og:url\" content=\"https:\/\/ueff.se\/en\/rodspoven\/\" \/>\n<meta property=\"og:site_name\" content=\"Ume\u00e5 Film Festival\" \/>\n<meta property=\"article:modified_time\" content=\"2021-10-29T12:32:26+00:00\" \/>\n<meta property=\"og:image\" content=\"https:\/\/ueff.se\/wp-content\/uploads\/2021\/02\/visning-ueff-1.jpg\" \/>\n\t<meta property=\"og:image:width\" content=\"1240\" \/>\n\t<meta property=\"og:image:height\" content=\"827\" \/>\n\t<meta property=\"og:image:type\" content=\"image\/jpeg\" \/>\n<meta name=\"twitter:card\" content=\"summary_large_image\" \/>\n<meta name=\"twitter:label1\" content=\"Est. reading time\" \/>\n\t<meta name=\"twitter:data1\" content=\"2 minutes\" \/>\n<script type=\"application\/ld+json\" class=\"yoast-schema-graph\">{\"@context\":\"https:\/\/schema.org\",\"@graph\":[{\"@type\":\"WebPage\",\"@id\":\"https:\/\/ueff.se\/en\/rodspoven\/\",\"url\":\"https:\/\/ueff.se\/en\/rodspoven\/\",\"name\":\"R\u00f6dspoven - Ume\u00e5 Film Festival\",\"isPartOf\":{\"@id\":\"https:\/\/ueff.se\/#website\"},\"datePublished\":\"2021-10-29T12:13:05+00:00\",\"dateModified\":\"2021-10-29T12:32:26+00:00\",\"breadcrumb\":{\"@id\":\"https:\/\/ueff.se\/en\/rodspoven\/#breadcrumb\"},\"inLanguage\":\"en-US\",\"potentialAction\":[{\"@type\":\"ReadAction\",\"target\":[\"https:\/\/ueff.se\/en\/rodspoven\/\"]}]},{\"@type\":\"BreadcrumbList\",\"@id\":\"https:\/\/ueff.se\/en\/rodspoven\/#breadcrumb\",\"itemListElement\":[{\"@type\":\"ListItem\",\"position\":1,\"name\":\"Hem\",\"item\":\"https:\/\/ueff.se\/\"},{\"@type\":\"ListItem\",\"position\":2,\"name\":\"R\u00f6dspoven\"}]},{\"@type\":\"WebSite\",\"@id\":\"https:\/\/ueff.se\/#website\",\"url\":\"https:\/\/ueff.se\/\",\"name\":\"Ume\u00e5 Film Festival\",\"description\":\"\",\"potentialAction\":[{\"@type\":\"SearchAction\",\"target\":{\"@type\":\"EntryPoint\",\"urlTemplate\":\"https:\/\/ueff.se\/?s={search_term_string}\"},\"query-input\":{\"@type\":\"PropertyValueSpecification\",\"valueRequired\":true,\"valueName\":\"search_term_string\"}}],\"inLanguage\":\"en-US\"}]}<\/script>\n<!-- \/ Yoast SEO plugin. -->","yoast_head_json":{"title":"R\u00f6dspoven - Ume\u00e5 Film Festival","robots":{"index":"index","follow":"follow","max-snippet":"max-snippet:-1","max-image-preview":"max-image-preview:large","max-video-preview":"max-video-preview:-1"},"canonical":"https:\/\/ueff.se\/en\/rodspoven\/","og_locale":"en_US","og_type":"article","og_title":"R\u00f6dspoven - Ume\u00e5 Film Festival","og_description":"Starting this year, Ume\u00e5 European Film Festival introduces the new prize R\u00f6dspoven awarded to a documentary film focusing on a current and important topic. In 2021, films focusing on our climate will compete to be the first one to be awarded this prize. With the award, we want to draw attention to the documentary genre [&hellip;]","og_url":"https:\/\/ueff.se\/en\/rodspoven\/","og_site_name":"Ume\u00e5 Film Festival","article_modified_time":"2021-10-29T12:32:26+00:00","og_image":[{"width":1240,"height":827,"url":"https:\/\/ueff.se\/wp-content\/uploads\/2021\/02\/visning-ueff-1.jpg","type":"image\/jpeg"}],"twitter_card":"summary_large_image","twitter_misc":{"Est. reading time":"2 minutes"},"schema":{"@context":"https:\/\/schema.org","@graph":[{"@type":"WebPage","@id":"https:\/\/ueff.se\/en\/rodspoven\/","url":"https:\/\/ueff.se\/en\/rodspoven\/","name":"R\u00f6dspoven - Ume\u00e5 Film Festival","isPartOf":{"@id":"https:\/\/ueff.se\/#website"},"datePublished":"2021-10-29T12:13:05+00:00","dateModified":"2021-10-29T12:32:26+00:00","breadcrumb":{"@id":"https:\/\/ueff.se\/en\/rodspoven\/#breadcrumb"},"inLanguage":"en-US","potentialAction":[{"@type":"ReadAction","target":["https:\/\/ueff.se\/en\/rodspoven\/"]}]},{"@type":"BreadcrumbList","@id":"https:\/\/ueff.se\/en\/rodspoven\/#breadcrumb","itemListElement":[{"@type":"ListItem","position":1,"name":"Hem","item":"https:\/\/ueff.se\/"},{"@type":"ListItem","position":2,"name":"R\u00f6dspoven"}]},{"@type":"WebSite","@id":"https:\/\/ueff.se\/#website","url":"https:\/\/ueff.se\/","name":"Ume\u00e5 Film Festival","description":"","potentialAction":[{"@type":"SearchAction","target":{"@type":"EntryPoint","urlTemplate":"https:\/\/ueff.se\/?s={search_term_string}"},"query-input":{"@type":"PropertyValueSpecification","valueRequired":true,"valueName":"search_term_string"}}],"inLanguage":"en-US"}]}},"_links":{"self":[{"href":"https:\/\/ueff.se\/en\/wp-json\/wp\/v2\/pages\/3198"}],"collection":[{"href":"https:\/\/ueff.se\/en\/wp-json\/wp\/v2\/pages"}],"about":[{"href":"https:\/\/ueff.se\/en\/wp-json\/wp\/v2\/types\/page"}],"author":[{"embeddable":true,"href":"https:\/\/ueff.se\/en\/wp-json\/wp\/v2\/users\/9"}],"replies":[{"embeddable":true,"href":"https:\/\/ueff.se\/en\/wp-json\/wp\/v2\/comments?post=3198"}],"version-history":[{"count":0,"href":"https:\/\/ueff.se\/en\/wp-json\/wp\/v2\/pages\/3198\/revisions"}],"wp:attachment":[{"href":"https:\/\/ueff.se\/en\/wp-json\/wp\/v2\/media?parent=3198"}],"curies":[{"name":"wp","href":"https:\/\/api.w.org\/{rel}","templated":true}]}}

Rödspoven

<p>Starting this year, Umeå European Film Festival introduces the new prize Rödspoven awarded to a documentary film focusing on a current and important topic. In 2021, films focusing on our climate will compete to be the first one to be awarded this prize. With the award, we want to draw attention to the documentary genre and also to current issues that we face in our time.</p>
<p>Rödspoven or the black-tailed godwit (Limosa limosa) in English is a breeding bird that you sometimes can see in the county Västerbotten in the north of Sweden, where the Umeå European Filmfestival is located. The name of the prize is also in dialogue with the festival&#8217;s other prize Storspoven or Eurasian curlew (Numenius arquata) which is awarded to a film with a strong connection to northern Sweden.</p>
<p>The prize is a collaboration with Umeå Energi and the winner will be announced on Sunday the 28th of November at the screening venue Bildmuseet.</p>
<p><strong>Nominated films 2021:</strong><br />
<a href="http://ueff.se/visning/forst-har-taming-the-garden/">Taming the Garden</a><br />
<a href="http://ueff.se/visning/forst-har-aasivissuit/">Aasivissuit</a><br />
<a href="http://ueff.se/visning/forst-har-observations-at-65-south/">Observations at 65° South</a></p>
<p>&nbsp;</p>
<p><strong>Jury 2021:<br />
Gunilla Samberg</strong> &#8211; Artist based in Umeå with a focus on question around the climate, feminism and democratic.<br />
<strong>Jenny Kejerhag</strong><span style="font-weight: 400;"><strong> </strong>&#8211; Journalist that writes about our environment, climate and sustainability.<br />
</span><strong>Lars Östlund</strong><span style="font-weight: 400;"><strong> </strong>&#8211; Professor in forest ecology at the State Agricultural University.</span></p>
<p><span style="font-weight: 400;"> </span></p>
<p>&nbsp;</p>

<p>Starting this year, Umeå European Film Festival introduces the new prize Rödspoven awarded to a documentary film focusing on a current and important topic. In 2021, films focusing on our climate will compete to be the first one to be awarded this prize. With the award, we want to draw attention to the documentary genre [&hellip;]</p>

<!-- This site is optimized with the Yoast SEO plugin v25.6 - https://yoast.com/wordpress/plugins/seo/ -->
<title>Rödspoven - Umeå Film Festival</title>
<meta name="robots" content="index, follow, max-snippet:-1, max-image-preview:large, max-video-preview:-1" />
<link rel="canonical" href="https://ueff.se/en/rodspoven/" />
<meta property="og:locale" content="en_US" />
<meta property="og:type" content="article" />
<meta property="og:title" content="Rödspoven - Umeå Film Festival" />
<meta property="og:description" content="Starting this year, Umeå European Film Festival introduces the new prize Rödspoven awarded to a documentary film focusing on a current and important topic. In 2021, films focusing on our climate will compete to be the first one to be awarded this prize. With the award, we want to draw attention to the documentary genre [&hellip;]" />
<meta property="og:url" content="https://ueff.se/en/rodspoven/" />
<meta property="og:site_name" content="Umeå Film Festival" />
<meta property="article:modified_time" content="2021-10-29T12:32:26+00:00" />
<meta property="og:image" content="https://ueff.se/wp-content/uploads/2021/02/visning-ueff-1.jpg" />
	<meta property="og:image:width" content="1240" />
	<meta property="og:image:height" content="827" />
	<meta property="og:image:type" content="image/jpeg" />
<meta name="twitter:card" content="summary_large_image" />
<meta name="twitter:label1" content="Est. reading time" />
	<meta name="twitter:data1" content="2 minutes" />
<script type="application/ld+json" class="yoast-schema-graph">{"@context":"https://schema.org","@graph":[{"@type":"WebPage","@id":"https://ueff.se/en/rodspoven/","url":"https://ueff.se/en/rodspoven/","name":"Rödspoven - Umeå Film Festival","isPartOf":{"@id":"https://ueff.se/#website"},"datePublished":"2021-10-29T12:13:05+00:00","dateModified":"2021-10-29T12:32:26+00:00","breadcrumb":{"@id":"https://ueff.se/en/rodspoven/#breadcrumb"},"inLanguage":"en-US","potentialAction":[{"@type":"ReadAction","target":["https://ueff.se/en/rodspoven/"]}]},{"@type":"BreadcrumbList","@id":"https://ueff.se/en/rodspoven/#breadcrumb","itemListElement":[{"@type":"ListItem","position":1,"name":"Hem","item":"https://ueff.se/"},{"@type":"ListItem","position":2,"name":"Rödspoven"}]},{"@type":"WebSite","@id":"https://ueff.se/#website","url":"https://ueff.se/","name":"Umeå Film Festival","description":"","potentialAction":[{"@type":"SearchAction","target":{"@type":"EntryPoint","urlTemplate":"https://ueff.se/?s={search_term_string}"},"query-input":{"@type":"PropertyValueSpecification","valueRequired":true,"valueName":"search_term_string"}}],"inLanguage":"en-US"}]}</script>
<!-- / Yoast SEO plugin. -->

Rödspoven - Umeå Film Festival

Starting this year, Umeå European Film Festival introduces the new prize Rödspoven awarded to a documentary film focusing on a current and important topic. In 2021, films focusing on our climate will compete to be the first one to be awarded this prize. With the award, we want to draw attention to the documentary genre [&hellip;]

Umeå Film Festival
